{"id":106,"date":"2024-08-08T14:45:32","date_gmt":"2024-08-08T12:45:32","guid":{"rendered":"http:\/\/ireneobringer.fr\/?page_id=106"},"modified":"2026-02-09T14:24:45","modified_gmt":"2026-02-09T13:24:45","slug":"d-le-programme-dhygiene-vitale","status":"publish","type":"page","link":"https:\/\/ireneobringer.fr\/?page_id=106","title":{"rendered":"Le Programme d\u2019Hygi\u00e8ne Vitale"},"content":{"rendered":"\n<div class=\"wp-block-columns is-layout-flex wp-container-core-columns-is-layout-28f84493 wp-block-columns-is-layout-flex\">\n<div class=\"wp-block-column is-layout-flow wp-block-column-is-layout-flow\">\n<h2 class=\"wp-block-heading\">Pas \u00e0 pas vers vos objectifs<\/h2>\n\n\n\n<ul class=\"wp-block-list\">\n<li>Le Programme d\u2019Hygi\u00e8ne Vitale reprend les temps forts de la s\u00e9ance. Nous trouvons ensemble ce que vous \u00eates effectivement pr\u00eat(e) \u00e0 mettre en place dans votre quotidien, pour que l\u2019accompagnement ait du sens pour vous&nbsp;: temps disponible, actions que vous pouvez mener, budget que vous pouvez y consacrer\u2026<\/li>\n\n\n\n<li>L\u2019objectif est que vous repartiez avec des explications claires, concr\u00e8tes et surtout comprises gr\u00e2ce \u00e0 des explications adapt\u00e9es. La compr\u00e9hension fine de ce qui est propos\u00e9 dans le Programme d\u2019Hygi\u00e8ne Vitale permet de mieux s\u2019approprier les conseils, et mieux les int\u00e9grer dans votre quotidien, durablement.<\/li>\n\n\n\n<li>C&rsquo;est un \u00ab\u00a0fil rouge\u00a0\u00bb que vous pouvez reprendre r\u00e9guli\u00e8rement pour mettre en place pas \u00e0 pas ce qui a \u00e9t\u00e9 convenu ensemble lors de la s\u00e9ance. Il aide aussi \u00e0 conserver de la motivation, et se souvenir de l&rsquo;ensemble des propositions et conseils.<\/li>\n<\/ul>\n<\/div>\n\n\n\n<div class=\"wp-block-column is-layout-flow wp-block-column-is-layout-flow\">\n<figure class=\"wp-block-image size-full\"><img loading=\"lazy\" decoding=\"async\" width=\"2000\" height=\"1414\" src=\"https:\/\/ireneobringer.fr\/wp-content\/uploads\/2024\/08\/mains.png\" alt=\"\" class=\"wp-image-273\" srcset=\"https:\/\/ireneobringer.fr\/wp-content\/uploads\/2024\/08\/mains.png 2000w, https:\/\/ireneobringer.fr\/wp-content\/uploads\/2024\/08\/mains-300x212.png 300w, https:\/\/ireneobringer.fr\/wp-content\/uploads\/2024\/08\/mains-1024x724.png 1024w, https:\/\/ireneobringer.fr\/wp-content\/uploads\/2024\/08\/mains-768x543.png 768w, https:\/\/ireneobringer.fr\/wp-content\/uploads\/2024\/08\/mains-1536x1086.png 1536w\" sizes=\"auto, (max-width: 2000px) 100vw, 2000px\" \/><\/figure>\n<\/div>\n<\/div>\n\n\n\n<hr class=\"wp-block-separator has-alpha-channel-opacity is-style-dots\"\/>\n\n\n\n<div class=\"wp-block-columns flex-reverse is-layout-flex wp-container-core-columns-is-layout-28f84493 wp-block-columns-is-layout-flex\">\n<div class=\"wp-block-column is-layout-flow wp-block-column-is-layout-flow\">\n<figure class=\"wp-block-image size-large\"><img loading=\"lazy\" decoding=\"async\" width=\"724\" height=\"1024\" src=\"https:\/\/ireneobringer.fr\/wp-content\/uploads\/2024\/08\/photo-rdv-1-724x1024.png\" alt=\"\" class=\"wp-image-182\" srcset=\"https:\/\/ireneobringer.fr\/wp-content\/uploads\/2024\/08\/photo-rdv-1-724x1024.png 724w, https:\/\/ireneobringer.fr\/wp-content\/uploads\/2024\/08\/photo-rdv-1-212x300.png 212w, https:\/\/ireneobringer.fr\/wp-content\/uploads\/2024\/08\/photo-rdv-1-768x1086.png 768w, https:\/\/ireneobringer.fr\/wp-content\/uploads\/2024\/08\/photo-rdv-1-1086x1536.png 1086w, https:\/\/ireneobringer.fr\/wp-content\/uploads\/2024\/08\/photo-rdv-1.png 1414w\" sizes=\"auto, (max-width: 724px) 100vw, 724px\" \/><\/figure>\n<\/div>\n\n\n\n<div class=\"wp-block-column is-layout-flow wp-block-column-is-layout-flow\">\n<h2 class=\"wp-block-heading\">Deux possibilit\u00e9s pour votre Programme d&rsquo;Hygi\u00e8ne Vitale<\/h2>\n\n\n\n<p>A l&rsquo;issue de la s\u00e9ance, votre Programme d&rsquo;Hygi\u00e8ne Vitale vous sera communiqu\u00e9 par un compte rendu \u00e9crit. <\/p>\n\n\n\n<p>Si vous le pr\u00e9f\u00e9rez, je peux vous fournir un support de notes simple et pratique vous permettant de noter par vous-m\u00eame, lors de la s\u00e9ance, les conseils de votre Programme d\u2019Hygi\u00e8ne Vitale (cela diminuera le tarif de la s\u00e9ance). Si vous choisissez de prendre des notes durant la s\u00e9ance, une copie sera conserv\u00e9e dans votre fichier. Le choix de cette possibilit\u00e9 en d\u00e9but d\u2019accompagnement sera appliqu\u00e9 aux autres s\u00e9ances \u00e9ventuelles.  <\/p>\n<\/div>\n<\/div>\n","protected":false},"excerpt":{"rendered":"<p>Pas \u00e0 pas vers vos objectifs Deux possibilit\u00e9s pour votre Programme d&rsquo;Hygi\u00e8ne Vitale A l&rsquo;issue de la s\u00e9ance, votre Programme d&rsquo;Hygi\u00e8ne Vitale vous sera communiqu\u00e9 par un compte rendu \u00e9crit. Si vous le pr\u00e9f\u00e9rez, je peux vous fournir un support de notes simple et pratique vous permettant de noter par vous-m\u00eame, lors de la s\u00e9ance, [&hellip;]<\/p>\n","protected":false},"author":1,"featured_media":0,"parent":0,"menu_order":0,"comment_status":"closed","ping_status":"closed","template":"","meta":{"_themeisle_gutenberg_block_has_review":false,"footnotes":""},"class_list":["post-106","page","type-page","status-publish","hentry"],"_links":{"self":[{"href":"https:\/\/ireneobringer.fr\/index.php?rest_route=\/wp\/v2\/pages\/106","targetHints":{"allow":["GET"]}}],"collection":[{"href":"https:\/\/ireneobringer.fr\/index.php?rest_route=\/wp\/v2\/pages"}],"about":[{"href":"https:\/\/ireneobringer.fr\/index.php?rest_route=\/wp\/v2\/types\/page"}],"author":[{"embeddable":true,"href":"https:\/\/ireneobringer.fr\/index.php?rest_route=\/wp\/v2\/users\/1"}],"replies":[{"embeddable":true,"href":"https:\/\/ireneobringer.fr\/index.php?rest_route=%2Fwp%2Fv2%2Fcomments&post=106"}],"version-history":[{"count":12,"href":"https:\/\/ireneobringer.fr\/index.php?rest_route=\/wp\/v2\/pages\/106\/revisions"}],"predecessor-version":[{"id":682,"href":"https:\/\/ireneobringer.fr\/index.php?rest_route=\/wp\/v2\/pages\/106\/revisions\/682"}],"wp:attachment":[{"href":"https:\/\/ireneobringer.fr\/index.php?rest_route=%2Fwp%2Fv2%2Fmedia&parent=106"}],"curies":[{"name":"wp","href":"https:\/\/api.w.org\/{rel}","templated":true}]}}